ase 11, what is -13 + 1028?
1015
In base 10, what is 199 + 940?
1139
In base 3, what is -1000102112 - -11121?
-1000020221
In base 10, what is -2 + -40728?
-40730
In base 16, what is 6a71 + 16?
6a87
In base 13, what is -4 + -7038?
-703c
In base 16, what is -104 - -f41?
e3d
In base 15, what is eb + -67b?
-580
In base 10, what is 13133 - -394?
13527
In base 15, what is 19ce + 3?
19d2
In base 13, what is 2901 + 300?
2c01
In base 3, what is 10011 - 101202?
-21121
In base 14, what is -2cc7 + -4?
-2ccb
In base 8, what is -5 - -7717?
7712
In base 2, what is 11101001111111011101 - -100?
11101001111111100001
In base 5, what is -1434400 - 1?
-1434401
In base 12, what is -11286 - 3?
-11289
In base 14, what is 4 - -c2bc4?
c2bc8
In base 9, what is -57 + 76?
18
In base 14, what is d - -15cc?
15db
In base 3, what is 202200112021 + -1?
202200112020
In base 5, what is -34120 - 131?
-34301
In base 8, what is 11331 - -71?
11422
In base 4, what is 1100 + -330333?
-323233
In base 9, what is 2335418 - -5?
2335424
In base 3, what is -12020121 - 2?
-12020200
In base 6, what is 1 + 152232?
152233
In base 6, what is -51535 + -303?
-52242
In base 5, what is 1004341 - -2?
1004343
In base 2, what is 1 + -11001001011001100?
-11001001011001011
In base 2, what is -1100110100 + 10001100?
-1010101000
In base 5, what is 20 + -14112?
-14042
In base 6, what is -3143 + -10205?
-13352
In base 5, what is -2 + 22020142?
22020140
In base 3, what is -21 - 211121100?
-211121121
In base 4, what is 1031 + -2310332?
-2303301
In base 15, what is -3184 - -1?
-3183
In base 13, what is bc - -93c?
a2b
In base 3, what is -2 + -122020220?
-122020222
In base 9, what is 4 + 16271?
16275
In base 2, what is 0 + -10010001000111100110?
-10010001000111100110
In base 4, what is -101313 + 11201?
-30112
In base 10, what is 6198 + -3?
6195
In base 3, what is 21 - 22010222?
-22010201
In base 14, what is 2b5a - -31?
2b8b
In base 12, what is -12 + 1a42?
1a30
In base 9, what is -10002 - -604?
-8287
In base 16, what is 22ac5 - 0?
22ac5
In base 5, what is -24 - 12310432?
-12311011
In base 15, what is -1230 - -3?
-122c
In base 3, what is 0 - 2011020122?
-2011020122
In base 8, what is -54374 + -61?
-54455
In base 5, what is -10210 + -22231?
-32441
In base 15, what is 1 + -57?
-56
In base 11, what is -78 + -1a6?
-273
In base 8, what is 6 - 33240?
-33232
In base 12, what is 23664 + -33?
23631
In base 6, what is 55 - -4252?
4351
In base 16, what is 86 + -d0?
-4a
In base 5, what is 2200 - -343?
3043
In base 7, what is 214150 - -10?
214160
In base 3, what is 12010120 - 202?
12002211
In base 5, what is 1010331 - -4?
1010340
In base 6, what is -554 + -2223?
-3221
In base 8, what is 2753500 - -7?
2753507
In base 13, what is -a9 + -51?
-12a
In base 8, what is 240643 - 4?
240637
In base 3, what is 10022 - 10222022?
-10212000
In base 9, what is -2038 + -83?
-2132
In base 9, what is 20 - 15456?
-15436
In base 5, what is -10 + -202102114?
-202102124
In base 6, what is -10253 - -14?
-10235
In base 16, what is -2f - -8de?
8af
In base 16, what is c9c + -165?
b37
In base 11, what is -3851 - -2?
-384a
In base 3, what is -10100 - -1122?
-1201
In base 10, what is -198 - -3062?
2864
In base 10, what is 10768 - 15?
10753
In base 15, what is -538 - -6a1?
168
In base 4, what is 10 + -120101?
-120031
In base 2, what is 101 - 10010100011010?
-10010100010101
In base 2, what is -1101000 + -1010111011000?
-1011001000000
In base 14, what is -19296 + -1?
-19297
In base 11, what is -988 + -1081?
-1a59
In base 15, what is 26d - -6e?
2dc
In base 7, what is 24163 + -540?
23323
In base 12, what is -54a9 + -274?
-5761
In base 6, what is 4 - 5530042?
-5530034
In base 15, what is 6cd - 9?
6c4
In base 12, what is 93363 - -3?
93366
In base 3, what is 11101 - -1200?
20001
In base 15, what is -4 - -8209?
8205
In base 14, what is -496 + -19?
-4b1
In base 2, what is 10100011 - -10001?
10110100
In base 14, what is -14 + -2c46b?
-2c481
In base 7, what is -1 - 1005544?
-1005545
In base 9, what is -8645 - 12?
-8657
In base 8, what is 17 + 542375?
542414
In base 8, what is 74364 - -23?
74407
In base 12, what is -3a08 - 3?
-3a0b
In base 4, what is -10231 + 220?
-10011
In base 6, what is -44 - 40?
-124
In base 7, what is -2 + -40250?
-40252
In base 4, what is -10 + -2122313221?
-2122313231
In base 10, what is -46 - -3054?
3008
In base 13, what is -2 - -2931?
292c
In base 8, what is 2 + 377221?
377223
In base 7, what is 25363106 + -1?
25363105
In base 3, what is -1 + -10122022?
-10122100
In base 7, what is -23505 + 6?
-23466
In base 16, what is a - 1227?
-121d
In base 14, what is 1725 - -65?
178a
In base 16, what is -4d0c + 2e?
-4cde
In base 7, what is -1361 - -25?
-1333
In base 10, what is -204 + 136?
-68
In base 5, what is 113 + -1434211?
-1434043
In base 15, what is -330 - -c47?
917
In base 14, what is -1617 + -15a?
-1773
In base 16, what is b7 + -f?
a8
In base 9, what is 74 - 4520?
-4435
In base 12, what is -3 - -19803?
19800
In base 7, what is -533501 + -13?
-533514
In base 2, what is -1 + -11111010100101110111?
-11111010100101111000
In base 14, what is 5 + 9088?
908d
In base 14, what is -3 + -3dc1b?
-3dc20
In base 12, what is a30 - 24?
a08
In base 2, what is -1010110 + 10010001001010?
10001111110100
In base 16, what is -3a + -106?
-140
In base 13, what is 14 - -3160?
3174
In base 6, what is 25451 + 13?
25504
In base 14, what is -1 - -76443?
76442
In base 14, what is a07d + 1?
a080
In base 2, what is 0 + 100100000111?
100100000111
In base 13, what is -5 - -16a?
165
In base 5, what is -122 - -2303041?
2302414
In base 3, what is -21 + -121020012?
-121020110
In base 11, what is 1233368 + -4?
1233364
In base 5, what is 402 - -10012?
10414
In base 15, what is 133a6 + -18?
1338d
In base 15, what is -33a + -a8?
-3e3
In base 7, what is 12 - 3026?
-3014
In base 2, what is -1001 + 10010011111?
10010010110
In base 8, what is 23 - 42270?
-42245
In base 5, what is 1323442 + 0?
1323442
In base 10, what is -1179336 + -2?
-1179338
In base 3, what is -10 + 2020022?
2020012
In base 15, what is -aacd0 - -4?
-aaccb
In base 14, what is 68b + -4?
687
In base 16, what is -4 + 724c5?
724c1
In base 11, what is -21 + 1?
-20
In base 5, what is 110111 - -21?
110132
In base 4, what is 2 + -3220022?
-3220020
In base 16, what is -a6f - -50b?
-564
In base 11, what is a + 3826?
3835
In base 3, what is 1000210101 + -20?
1000210011
In base 11, what is 2970 - 11?
295a
In base 2, what is 10000000 - 10001000111?
-1111000111
In base 12, what is -2 + -13350?
-13352
In base 16, what is 7 + -3a5?
-39e
In base 6, what is 414325 + 5?
414334
In base 11, what is 137a5 - -14?
13809
In base 16, what is 1e - -521?
53f
In base 2, what is 11010 + -101011100?
-101000010
In base 10, what is 5884 - -2?
5886
In base 15, what is -ddc - -36?
-da6
In base 16, what is -82e - 15b?
-989
In base 2, what is 100010 - -11000111011?
11001011101
In base 8, what is -5 + -12564?
-12571
In base 9, what is 15845723 - 2?
15845721
In base 12, what is 40051 + -3?
4004a
In base 5, what is -4103424 + -3?
-4103432
In base 7, what is -150 + -13161?
-13341
In base 16, what is -475f + -4?
-4763
In base 3, what is 10201021 + -100110?
10100211
In base 7, what is -246 + 22620?
22341
In base 6, what is -13521033 + 1?
-13521032
In base 2, what is 111001 + 1011001111001?
1011010110010
In base 14, what is 14c + -16?
136
In base 13, what is -8 - 84328?
-84333
In base 13, what is -6 - -4329?
4323
In base 10, what is 2201056 - -5?
2201061
In base 6, what is 1542542 + -10?
1542532
In base 13, what is -662c0 - 8?
-662c8
In base 7, what is 1536106 - -3?
1536112
In base 9, what is -3 - 214158?
-214162
In base 7, what is -3 - -34054?
34051
In base 5, what is 104122 + -22?
104100
In base 15, what is 5 + 393?
398
In base 7, what is 5 + 154161?
154166
In base 10, what is -2 - -2705?
2703
In base 3, what is -200 - 2011211?
-2012111
In base 11, what is -23 + -21120?
-21143
In base 11, what is -115 - -1636?
1521
In base 9, what is 253878 - -18?
254007
In base 11, what is 3477 + 7?
3483
In base 3, what is 101212111102 - -10?
101212111112
In base 8, what is -4557 - -37?
-4520
In base 3, what is -2220212122 - 11?
-2220212210
In base 6, what is 4 + -23423053?
-23423045
In base 6, what is -2103 + -12055?
-14202
In base 16, what is -42b - 1d?
-448
In base 3, what